{"id":5,"date":"2020-12-01T01:04:41","date_gmt":"2020-12-01T00:04:41","guid":{"rendered":"http:\/\/gawel.edu.pl\/?page_id=5"},"modified":"2025-10-21T16:03:37","modified_gmt":"2025-10-21T14:03:37","slug":"research","status":"publish","type":"page","link":"https:\/\/gawel.edu.pl\/index.php\/research\/","title":{"rendered":"Research"},"content":{"rendered":"\n<p>We are developing new concepts to develop materials of the future. Our research interest ranges from the synthetic methodology development, through organic electronics, to the discovery new carbon allotropes. We wre working hard in the lab to write more about our exciting projects here.<\/p>\n\n\n\n<figure class=\"wp-block-image size-full\"><img loading=\"lazy\" decoding=\"async\" width=\"862\" height=\"483\" src=\"https:\/\/gawel.edu.pl\/wp-content\/uploads\/2025\/04\/50614781_50614773.webp\" alt=\"\" class=\"wp-image-36357\" srcset=\"https:\/\/gawel.edu.pl\/wp-content\/uploads\/2025\/04\/50614781_50614773.webp 862w, https:\/\/gawel.edu.pl\/wp-content\/uploads\/2025\/04\/50614781_50614773-300x168.webp 300w, https:\/\/gawel.edu.pl\/wp-content\/uploads\/2025\/04\/50614781_50614773-768x430.webp 768w, https:\/\/gawel.edu.pl\/wp-content\/uploads\/2025\/04\/50614781_50614773-660x370.webp 660w\" sizes=\"auto, (max-width: 862px) 100vw, 862px\" \/><\/figure>\n\n\n\n<h2 class=\"wp-block-heading has-text-align-center\"><strong>Funding <\/strong><\/h2>\n\n\n\n<div class=\"wp-block-media-text alignwide is-stacked-on-mobile\" style=\"grid-template-columns:26% auto\"><figure class=\"wp-block-media-text__media\"><img loading=\"lazy\" decoding=\"async\" width=\"768\" height=\"268\" src=\"http:\/\/gawel.edu.pl\/wp-content\/uploads\/2025\/10\/image.png\" alt=\"\" class=\"wp-image-36394 size-full\" srcset=\"https:\/\/gawel.edu.pl\/wp-content\/uploads\/2025\/10\/image.png 768w, https:\/\/gawel.edu.pl\/wp-content\/uploads\/2025\/10\/image-300x105.png 300w, https:\/\/gawel.edu.pl\/wp-content\/uploads\/2025\/10\/image-660x230.png 660w\" sizes=\"auto, (max-width: 768px) 100vw, 768px\" \/><\/figure><div class=\"wp-block-media-text__content\">\n<p>FirstTEAM FENG grant from the Foundation for Polish Science. 09.2025-08.2029. CHiralne Ekonomiczne Rozwi\u0105zania dla<br>drukowalnych Materia\u0142\u00f3w polimerowych w Elektronice, optoelektronice i Spintronice (CHERMES).<\/p>\n<\/div><\/div>\n\n\n\n<div class=\"wp-block-media-text alignwide is-stacked-on-mobile\" style=\"grid-template-columns:26% auto\"><figure class=\"wp-block-media-text__media\"><img loading=\"lazy\" decoding=\"async\" width=\"613\" height=\"139\" src=\"https:\/\/gawel.edu.pl\/wp-content\/uploads\/2025\/10\/snf_banner_en.png\" alt=\"\" class=\"wp-image-36418 size-full\" srcset=\"https:\/\/gawel.edu.pl\/wp-content\/uploads\/2025\/10\/snf_banner_en.png 613w, https:\/\/gawel.edu.pl\/wp-content\/uploads\/2025\/10\/snf_banner_en-300x68.png 300w\" sizes=\"auto, (max-width: 613px) 100vw, 613px\" \/><\/figure><div class=\"wp-block-media-text__content\">\n<p>MAPS \u2013 Multilateral Academic Projects grant from the Swiss National Science Foundation. 07.2025-06.2028. Templating Chemical Spaces with Layered Hybrid Perovskites (TeSLa).<\/p>\n<\/div><\/div>\n\n\n\n<div class=\"wp-block-media-text alignwide is-stacked-on-mobile\" style=\"grid-template-columns:26% auto\"><figure class=\"wp-block-media-text__media\"><img loading=\"lazy\" decoding=\"async\" width=\"267\" height=\"97\" src=\"http:\/\/gawel.edu.pl\/wp-content\/uploads\/2021\/05\/ncneng-300x212-1.png\" alt=\"\" class=\"wp-image-156 size-full\"\/><\/figure><div class=\"wp-block-media-text__content\">\n<p>SONATABIS13 grant from the National Science Centre. 08.2024-08.2029. Highly Organized Multi-Chromophore Systems for Organic Optoelectronics (HIMCHOO).<\/p>\n<\/div><\/div>\n\n\n\n<div class=\"wp-block-media-text alignwide is-stacked-on-mobile\" style=\"grid-template-columns:26% auto\"><figure class=\"wp-block-media-text__media\"><img loading=\"lazy\" decoding=\"async\" width=\"1024\" height=\"399\" src=\"http:\/\/gawel.edu.pl\/wp-content\/uploads\/2021\/02\/K1_logo_dopuszcz_wers_kontra_PL_RGB-01-1024x399.png\" alt=\"\" class=\"wp-image-126 size-full\" srcset=\"https:\/\/gawel.edu.pl\/wp-content\/uploads\/2021\/02\/K1_logo_dopuszcz_wers_kontra_PL_RGB-01-1024x399.png 1024w, https:\/\/gawel.edu.pl\/wp-content\/uploads\/2021\/02\/K1_logo_dopuszcz_wers_kontra_PL_RGB-01-300x117.png 300w, https:\/\/gawel.edu.pl\/wp-content\/uploads\/2021\/02\/K1_logo_dopuszcz_wers_kontra_PL_RGB-01-768x299.png 768w, https:\/\/gawel.edu.pl\/wp-content\/uploads\/2021\/02\/K1_logo_dopuszcz_wers_kontra_PL_RGB-01-1200x468.png 1200w, https:\/\/gawel.edu.pl\/wp-content\/uploads\/2021\/02\/K1_logo_dopuszcz_wers_kontra_PL_RGB-01.png 1395w\" sizes=\"auto, (max-width: 1024px) 100vw, 1024px\" \/><\/figure><div class=\"wp-block-media-text__content\">\n<p>Polish Returns grant from the National Agency for Academic Exchange. 02.2021-02.2025. Cyclophane based Organic Semiconductors.<\/p>\n<\/div><\/div>\n\n\n\n<div class=\"wp-block-media-text alignwide is-stacked-on-mobile\" style=\"grid-template-columns:26% auto\"><figure class=\"wp-block-media-text__media\"><img loading=\"lazy\" decoding=\"async\" width=\"267\" height=\"97\" src=\"http:\/\/gawel.edu.pl\/wp-content\/uploads\/2021\/05\/ncneng-300x212-1.png\" alt=\"\" class=\"wp-image-156 size-full\"\/><\/figure><div class=\"wp-block-media-text__content\">\n<p>SONATA16 grant from the National Science Centre. 10.2021-09.2024. New Molecular Architectures for Exploring Singlet Fission.<\/p>\n<\/div><\/div>\n\n\n\n<div class=\"wp-block-media-text alignwide is-stacked-on-mobile\" style=\"grid-template-columns:15% auto\"><figure class=\"wp-block-media-text__media\"><img loading=\"lazy\" decoding=\"async\" width=\"225\" height=\"225\" src=\"http:\/\/gawel.edu.pl\/wp-content\/uploads\/2021\/04\/PLGrid.png\" alt=\"\" class=\"wp-image-144 size-full\" srcset=\"https:\/\/gawel.edu.pl\/wp-content\/uploads\/2021\/04\/PLGrid.png 225w, https:\/\/gawel.edu.pl\/wp-content\/uploads\/2021\/04\/PLGrid-150x150.png 150w\" sizes=\"auto, (max-width: 225px) 100vw, 225px\" \/><\/figure><div class=\"wp-block-media-text__content\">\n<p>Computational grants from the Polish Grid Infrastructure PL-Grid. <\/p>\n<\/div><\/div>\n\n\n\n<p><\/p>\n","protected":false},"excerpt":{"rendered":"<p>We are developing new concepts to develop materials of the future. Our research interest ranges from the synthetic methodology development, through organic electronics, to the discovery new carbon allotropes. We wre working hard in the lab to write more about our exciting projects here. Funding FirstTEAM FENG grant from the Foundation for Polish Science. 09.2025-08.2029.\u2026 <span class=\"read-more\"><a href=\"https:\/\/gawel.edu.pl\/index.php\/research\/\">Read More &raquo;<\/a><\/span><\/p>\n","protected":false},"author":1,"featured_media":0,"parent":0,"menu_order":2,"comment_status":"closed","ping_status":"closed","template":"","meta":{"footnotes":""},"class_list":["post-5","page","type-page","status-publish","hentry"],"_links":{"self":[{"href":"https:\/\/gawel.edu.pl\/index.php\/wp-json\/wp\/v2\/pages\/5","targetHints":{"allow":["GET"]}}],"collection":[{"href":"https:\/\/gawel.edu.pl\/index.php\/wp-json\/wp\/v2\/pages"}],"about":[{"href":"https:\/\/gawel.edu.pl\/index.php\/wp-json\/wp\/v2\/types\/page"}],"author":[{"embeddable":true,"href":"https:\/\/gawel.edu.pl\/index.php\/wp-json\/wp\/v2\/users\/1"}],"replies":[{"embeddable":true,"href":"https:\/\/gawel.edu.pl\/index.php\/wp-json\/wp\/v2\/comments?post=5"}],"version-history":[{"count":11,"href":"https:\/\/gawel.edu.pl\/index.php\/wp-json\/wp\/v2\/pages\/5\/revisions"}],"predecessor-version":[{"id":36420,"href":"https:\/\/gawel.edu.pl\/index.php\/wp-json\/wp\/v2\/pages\/5\/revisions\/36420"}],"wp:attachment":[{"href":"https:\/\/gawel.edu.pl\/index.php\/wp-json\/wp\/v2\/media?parent=5"}],"curies":[{"name":"wp","href":"https:\/\/api.w.org\/{rel}","templated":true}]}}